 of l(8)?
2
Let m(i) = -2*i + 26. What is the units digit of m(0)?
6
Let c be (-34)/(-9) + 4/18. Suppose 20 = c*h - 5*i, -4*i - 8 = -h - 2*i. Suppose -s + 6 + 6 = h. What is the units digit of s?
2
Suppose -3*f - 1 = 3*x - 4, 4*x + f - 10 = 0. Suppose z + 0*z - 33 = -4*j, 4*z - x*j - 56 = 0. What is the tens digit of z?
1
Let d = -20 - -29. Let l(o) = o**3 - 9*o**2 + 13. Let w be l(d). Let i = 19 - w. What is the units digit of i?
6
Let a(r) = r**2 + 3*r. Let h be a(-4). Suppose -4*b - 3*y = -0*y - 111, -h*b + 112 = 4*y. What is the tens digit of b?
2
Let t be (-7 + 1)*2/(-3). Suppose 0 = -3*m - 3*p + 93, 0 = -0*m - 2*m - t*p + 52. What is the tens digit of m?
3
Suppose 2*y + 2*z + z = 131, -y + 76 = -2*z. What is the units digit of y?
0
Let u(v) = -5*v - 1. Let z be u(-1). Suppose 31 = 4*p + t + z, -2*p + 11 = t. Suppose -4*o + 2*o + p = 0. What is the units digit of o?
4
Let a be -3 + (-2 - 1*-4). Let z(s) = 20*s**2. What is the tens digit of z(a)?
2
Let i = 5 - 4. Suppose 3*y - i + 7 = 0. What is the units digit of y/10 + (-31)/(-5)?
6
Let i = -2 - -53. What is the tens digit of i?
5
Let z = 10 - 8. Suppose -3*n + t = -2, 5*t = 3*n - 6*n - 28. What is the units digit of (-1)/1 + z - n?
2
Let y = 10 + -1. Suppose 0*t + t - 33 = 4*v, 0 = 3*t + y. Let p = -1 - v. What is the units digit of p?
8
What is the units digit of (-249)/(-5) - 3/(-15)?
0
Suppose -s = -0*s - 2. Suppose -5*y - 5*k = -15, -2*y + y = s*k + 2. What is the units digit of y?
8
Let a(p) = p**3 + p**2 + p + 40. What is the tens digit of a(0)?
4
Suppose 3*k = c + 19, c - 10 + 5 = -k. Let f be -9 - (k/3 + -1). Let g = f + 16. What is the units digit of g?
6
Let j = 2 - -2. What is the tens digit of j/20 + (-168)/(-10)?
1
Suppose -3*w + 131 = 4*s + 2*w, 73 = 2*s + 5*w. Let m = s - 5. Suppose 5*c - 13 = 3*i + m, 4*c = -2*i + 12. What is the units digit of c?
5
Let k = -8 - -31. What is the tens digit of k?
2
Suppose -k - 1 = -2. Suppose -4 = w - k. What is the tens digit of 7/(w/6 + 1)?
1
Suppose -202 - 239 = -3*d. What is the hundreds digit of d?
1
Suppose 3*t - 62 = 109. What is the units digit of t?
7
Let a(l) be the second derivative of l**4/12 - 5*l**3/6 + l**2/2 + 2*l. What is the units digit of a(6)?
7
Let w(t) = 11*t - 2. What is the units digit of w(5)?
3
Let o = 9 - 9. Let t(z) = -z + 2. Let m be t(o). Suppose -5*w - 2*k + m + 8 = 0, 5*w - 35 = 3*k. What is the units digit of w?
4
Suppose 4*u - 22 = -m, 2*m + m + 4*u - 26 = 0. What is the tens digit of 25/m + 2/4?
1
Suppose 0 = -7*c - 0 + 14. What is the units digit of c?
2
Let v(n) = -n**2 - 9*n - 7. Let b be ((-2)/(-2))/(4 + -3). Let t = b + -9. What is the units digit of v(t)?
1
Suppose 453 - 123 = 3*x. What is the tens digit of x?
1
Let f(x) = -2*x - 3. Let b be f(-3). Suppose 0 = b*l - 2*l - 6. What is the units digit of l?
6
Let l(f) = -f**3 - 7*f**2 + 2*f + 4. Let g be l(-3). Let u = -21 - g. Let z = u - 9. What is the units digit of z?
8
Let a = -4 + 7. Suppose -d + 3*l = -30, d + 0*d = -a*l + 54. What is the units digit of d?
2
Let o(k) = -14 + 2 + k - 3*k. Let w(m) = m - 4. Let t be w(-4). What is the units digit of o(t)?
4
Suppose -3*s - 5 = -w, s - 5*w + 6 = -19. Suppose -k - k + 8 = s. What is the units digit of k?
4
Suppose 2*v - 6*v = 4*i - 4, 4*i + 5*v = 9. Let b = i + 15. What is the units digit of b?
1
Suppose 3*z - 15 = -0*z. Suppose 4*f + 11 = -2*w + 29, z*w - 45 = -4*f. What is the units digit of w?
9
Suppose -3*m = -0 - 9. Suppose -i + 2*n + 9 = 0, -3*n = -5*n - 2. Suppose m*g = 2*g + i. What is the units digit of g?
7
Let u be 3/(-4) + 69/12. Let b = u - 3. Suppose -b*c + 1 = -3. What is the units digit of c?
2
Suppose 4*j - 2*b - 78 = 2*j, 5*b = -10. What is the units digit of j?
7
Let d(x) = -x + 9. Let g be d(7). What is the units digit of (g + 0)/2 - -5?
6
Suppose u + 4*x = 114, 2*u - 2*x = -0*u + 208. What is the tens digit of u?
0
Let k = 5 + -10. Let h(r) = r**2 + 2*r - 4. What is the units digit of h(k)?
1
Let y(c) = c**3 - 6*c**2 - c + 9. Let o be y(6). Suppose 5*q + o*b = 161, 4*q - 121 = -3*b - 2*b. What is the tens digit of q?
3
Let c be (-1)/1 + -2 - 2. What is the units digit of (10/25)/((-1)/c)?
2
Let r = 2 - 0. Let v be 0/(r/((-2)/1)). Suppose 2*k + 0 - 6 = v. What is the units digit of k?
3
Let v(s) = s**2 + 6*s + 6. Suppose -5*m - 18 = -2*m. What is the units digit of v(m)?
6
What is the tens digit of 2/(10/(-5775)*-5)?
3
Suppose -5*d + 7 = y, 0*y + 4*y - 100 = 4*d. What is the tens digit of y?
2
Let y(o) = -4*o**2 + o + 5*o**2 - 5*o**3 + 0*o + 1. Suppose -l - 20 = 3*l, 3*b - 4*l = 17. What is the units digit of y(b)?
6
Let l(r) = r**2 - r - 4. Let i be l(3). Suppose -h - 11 = -3*t - i*t, -h - t = -7. What is the units digit of h?
4
Let s = -17 + 20. Suppose -5*o = 4*x - 104, -3*o = s*x - 6*x + 51. What is the units digit of x?
1
Suppose 4*c + 1 - 9 = 0. What is the tens digit of c/14 + 174/7?
2
Suppose 0 = 2*d + 2*s - 4, 2*d + 2*d - 5*s - 35 = 0. Suppose 0 = 5*b + 5, 5*g - d*b - 66 = 14. What is the units digit of g?
5
Let o(l) = 9*l**2 - 5*l + 4. What is the tens digit of o(2)?
3
Let c be (-1)/4*(-4 - 0). Suppose -2*i = -3 + c. Suppose 0 = -3*z + 3*x + x + 7, i = -3*z - 4*x. What is the units digit of z?
1
Suppose -4*s + 541 + 251 = -4*o, 2*s = -2*o - 384. What is the tens digit of ((-28)/5)/(26/o)?
4
Suppose -3*z + 6 = -w, -10 = -z - 4*z + 5*w. Suppose -4*s = 4*m - 44, 0 = z*m + m + s - 29. What is the units digit of m?
9
What is the tens digit of (-1)/4 + 366/24?
1
Let f = 196 - 114. What is the units digit of f?
2
Suppose 0 = -5*k + k + 16. Let m = 2 + k. What is the units digit of m?
6
Let z(d) = 20*d + 12. What is the tens digit of z(5)?
1
Suppose -2*l + 1 = -5*g, 2*g - 6 = 5*g - 3*l. Let o be (g + (-2)/4)*4. Let r(n) = 2*n. What is the units digit of r(o)?
4
Let n(s) be the first derivative of s**3/3 + s**2 - 4*s - 4. Let m be n(-4). Suppose g + m = 2*g. What is the units digit of g?
4
Let j = 3 - 10. Suppose -11 = -5*w + 9. Let p = w - j. What is the units digit of p?
1
Suppose -5*h + 8 = 3. What is the units digit of h?
1
Let r = -3 - 0. What is the units digit of 6 + 1 + (-1 - r)?
9
Let l be (-32)/(-20) - (-2)/5. Suppose l*w - 40 = -3*w. What is the units digit of w?
8
Let z(q) = -3*q**3 - 8*q**2 - 4*q - 4. What is the hundreds digit of z(-5)?
1
Suppose -213 = -3*q + 2*h, -3*h + h = q - 63. What is the tens digit of q?
6
Let d be (-2)/(2/5)*-1. Suppose -51 = -d*z + 59. What is the tens digit of z?
2
Suppose 0*c - 2*c + x - 13 = 0, 4*c - x = -27. Let m(j) = j**3 + 6*j**2 - 8*j + 4. What is the units digit of m(c)?
1
Let c be 1305/18*(-8)/(-5). Suppose 0*u + 4*u = c. What is the units digit of u?
9
Let r(m) = -m**3 + 7*m**2 - 8*m - 8. What is the tens digit of r(-4)?
0
Let k = 4 + -12. Let h = 8 - k. Suppose -6*m - 28 = -s - m, 3*s + h = -5*m. What is the units digit of s?
3
Let m(v) be the second derivative of v**5/20 - 7*v**4/12 + 3*v**3/2 - 3*v**2 - 2*v. Let d = 8 + -2. What is the units digit of m(d)?
2
Let t = 1 - -1. Suppose 0 = -0*x - x + t. Suppose -3*z - p = x*p + 9, 0 = -4*z + p + 8. What is the units digit of z?
1
Let s(y) = 6*y**2 + 4*y - 8. Let d be s(-4). Suppose -2*x - d = -5*x. What is the units digit of x?
4
Suppose o - 6 = -4*t, 4*t - 4 = 3*o - 5*o. Suppose -s + t*s = 10. What is the units digit of s?
0
Suppose 0 = 2*a + 4*s - 40, 33 = 3*a - s - 27. What is the tens digit of a?
2
Suppose 4 + 4 = -j. Let n = -6 - j. What is the units digit of n?
2
Let j be ((-1)/(-2))/(2/20). Let b = j + 0. What is the units digit of b?
5
Let c(s) = 4*s**2 + 3*s - 3. What is the tens digit of c(2)?
1
Let o = -8 + 13. Suppose 3*i + 9 - 24 = -3*n, -9 = 3*i - o*n. Suppose 0 = -i*x - x + y + 7, 4*x - 1 = 3*y. What is the units digit of x?
4
Suppose -3*a - 19 = 71. What is the units digit of (0 - -2)/((-12)/a)?
5
Let u(z) = -z**3 + 9*z**2 + 4*z - 18. What is the tens digit of u(8)?
7
Let m(f) = 14*f + 3. Let y(q) = 13*q + 3. Let r(g) = -4*m(g) + 5*y(g). What is the units digit of r(6)?
7
Suppose 9 = -3*t - 3. Let l = -4 - 3. Let o = t - l. What is the units digit of o?
3
Suppose 5*z - 270 = -3*c, 71 = z - 3*c + 7*c. What is the tens digit of z?
5
Suppose -3*d + 11 = -5*t, -3*t + 0 - 5 = -d. What is the units digit of d?
2
Let s = -9 - -12. Suppose -s*u + 36 = 5*i - 19, -5*